 u(x) = 4*x - x - 2*x - 4*x**3. Let z be u(-2). Suppose z = 3*f - w + 5*w, 4*f = 5*w + 9. What are the prime factors of f?
2, 3
Suppose -3*z + 0 + 9 = 0. Suppose -z*m = 2*m - 185. What are the prime factors of m?
37
Suppose -9*o + 1847 = -187. What are the prime factors of o?
2, 113
Let t = -219 - -310. List the prime factors of t.
7, 13
Suppose -4*b + 57 = -5*u, -4*u - 34 = -3*b - 9*u. What are the prime factors of b?
13
Suppose 0 = 3*z - 3 - 9. Suppose 2*t - z*t = -6. What are the prime factors of t?
3
Let f(g) = -g - 6. Let r be f(-6). Suppose -3*j = -r*j - 105. Suppose o + 5*s - j = -4*o, 0 = -5*o + 5*s + 65. What are the prime factors of o?
2, 5
Suppose 0 = 4*k + 5 - 57. Suppose 3*f = -5*j + 9, 4*f + 1 = 2*j - k. What are the prime factors of f/(-6)*(43 + -1)?
2, 7
Let g(h) = -2*h**3 - 5*h**2 + h**3 + h + 2 + 3*h**3. What are the prime factors of g(3)?
2, 7
What are the prime factors of 48/(-14)*833/(-14)?
2, 3, 17
Let r be ((-15)/(-6) + -2)*12. Suppose -5*l + r = -2*l. Suppose 0 = 5*n, -3*p + l*n - 7 = -4*p. List the prime factors of p.
7
Suppose 0 = 3*h + 4*i + 13, -i + 2*i + 8 = 4*h. Let a be -2 + 12/(h + 2). Suppose a*s = -3*s + 35. List the prime factors of s.
7
Suppose 0 = -2*w + 78 + 10. Let o be 2/4 + 18/4. Suppose -26 - w = -o*t. What are the prime factors of t?
2, 7
Let b(p) = -p**2 + 29*p + 40. What are the prime factors of b(21)?
2, 13
Let a = 0 + 4. Suppose -2*w + 20 = -a*m, 0 = -3*w - 0*m + 5*m + 26. List the prime factors of w.
2
Let m = 3 + -2. Let c = 4 - m. Suppose g = 4*u - 45, 2*u - 4*g - 23 = c. What are the prime factors of u?
11
List the prime factors of ((-7)/(-14))/((-1)/(-34)).
17
Suppose s + 51 = 4*s. Suppose 0 = 5*a - h - s, a - 2*h = -2*a + 6. List the prime factors of -1 - 2*(-18)/a.
2
Suppose k + 0 = 1. Let i(x) = 10*x**2 - 1. List the prime factors of i(k).
3
Suppose -5*g = -19 - 61. Let r = g + -7. List the prime factors of r.
3
Suppose -2*w = -6*w. Suppose -3*y - 2*y + 15 = w. Suppose -3*t - 30 = -2*m, -y*m - 2*t - 16 = -4*m. List the prime factors of m.
2, 3
Let p be 10/4*40/25. Suppose -28 = -6*j + p*j. List the prime factors of j.
2, 7
Suppose 0 = -r - 2*r - 3*l + 141, 3*r + 4*l - 146 = 0. List the prime factors of r.
2, 3, 7
Suppose -21 = -3*c - 3*m, -3*c + 24 = -0*c + 2*m. List the prime factors of c.
2, 5
Suppose f + 3*d = -1, 2*f + 5*d + 2 - 1 = 0. Suppose 20 = -4*g, 16 = f*b + 5*g - 3. List the prime factors of b.
2, 11
What are the prime factors of 8 + (-6 + 3 - -4)?
3
Suppose 4*g = 7*g - 42. What are the prime factors of g?
2, 7
Suppose 138 = j + m, 3*j = m + 294 + 120. What are the prime factors of j?
2, 3, 23
Suppose 3*f - 1 = -c, 3*c - 9 - 1 = -2*f. Suppose c*i + i + 2*v - 112 = 0, 46 = 2*i + 2*v. List the prime factors of i.
2, 11
Let l be (-8)/16*(5 - 1). Let y(p) = p + 2. Let h be y(l). Suppose -5*i + 49 + 16 = h. List the prime factors of i.
13
Let j(g) = -11*g + 56. What are the prime factors of j(-9)?
5, 31
Let q(u) be the second derivative of -u**5/20 + 5*u**4/12 - u**3/3 - 2*u**2 + 3*u. What are the prime factors of q(3)?
2
Suppose -3*v + 4 = -v. List the prime factors of 8 - v - 2 - -23.
3
Suppose -k + 4*k - 15 = 0. Suppose y = -2*r - 0*r + 18, -k*r + 63 = 4*y. Let t = -7 + y. List the prime factors of t.
5
Let s = 158 - 66. What are the prime factors of s?
2, 23
Let p(m) = m**2 + m. Let l be p(0). Suppose l = -0*b - 3*b + 60. List the prime factors of b.
2, 5
Let s(i) = i - 16. What are the prime factors of s(18)?
2
Suppose 2*d - 356 = -0*d. What are the prime factors of d?
2, 89
Let a(c) = c**3 - 4*c**2 + c + 1. Let x be 12*-2*1/(-6). Let p be a(x). Suppose -2 = p*v - 27. List the prime factors of v.
5
Let o(r) = 3*r + 25. What are the prime factors of o(6)?
43
Let g(j) = -j**2 + j + 12. Let x = -4 + 4. What are the prime factors of g(x)?
2, 3
List the prime factors of ((-8)/(-4) - -5) + 1.
2
Let f(b) be the first derivative of b**5/12 + b**4/24 + b**3 + 3. Let r(n) be the third derivative of f(n). What are the prime factors of r(1)?
11
Let k = 93 + 7. What are the prime factors of k?
2, 5
Let v(j) = j**3 + 6*j**2 + 4*j. Let z be v(-5). Suppose -3*s - 5*x = s - 129, -z*s - 4*x = -150. What are the prime factors of s?
2, 13
Suppose 3*v = v + 6. Suppose 29 = -4*z + 3*u, 0 = -4*z + 3*z + 3*u - 14. Let r = v - z. List the prime factors of r.
2
Suppose o + 4*o = 15. Let j(f) be the second derivative of f**4/6 - f**3/3 + 2*f**2 + f. What are the prime factors of j(o)?
2
Let k(o) = -12*o + 2. List the prime factors of k(-3).
2, 19
Let a(p) = -p + 30. What are the prime factors of a(12)?
2, 3
Suppose 0 = 4*m - 35 - 105. List the prime factors of m.
5, 7
Let b(x) = -9*x**3 - 2*x**2 + 1. Suppose -f + 2*d - 13 = -2*d, 2*d - 1 = -5*f. List the prime factors of b(f).
2
Let k(d) = -19*d - 2. Let l be k(1). List the prime factors of (l/14)/(6/(-52)).
13
Suppose 4*a - 20 = 0, -4*n + a - 14 = -5*n. Suppose -4*v - 4*d - 28 = 0, 2*v + d = -2*v - 25. Let g = v + n. What are the prime factors of g?
3
Let n = -33 + 45. List the prime factors of n.
2, 3
Let q be (-2 + -1)*-1 - 3. Suppose 3*x + q*x = 117. Suppose 5*k - x = 1. What are the prime factors of k?
2
Let o = -6 + 14. Let v = o - -88. List the prime factors of (-12)/20 - v/(-10).
3
Let w be 2/(3*2/18). Let o(m) = -m + 11. Let v be o(9). What are the prime factors of -3*((-32)/w + v)?
2, 5
Suppose -5*f + 0 = -60. Suppose 0 = -2*y - 0*y + f. List the prime factors of -3 + 5 + y + 0.
2
Let s = 16 - 7. Let q(g) = -g**2 + 10*g - 6. List the prime factors of q(s).
3
Let b(y) = -7*y - 6. What are the prime factors of b(-7)?
43
Suppose 6*x = 4*x + 2. Let o be -1 + (2 - (x - 2)). Suppose o*p - 5 = 3. What are the prime factors of p?
2
Let n(f) = f + 8. Let r be n(-6). Suppose 0 = -x + 5, -s + 21 = r*s - 3*x. List the prime factors of s.
2, 3
Suppose -2*d = -7*d - 5*g + 5, -g + 6 = 2*d. List the prime factors of (-10)/d*-1*6.
2, 3
Let s be 2/(-7) - (-16)/7. Let m be (s - 2 - 0)*-1. Suppose -3*b + m = -6. What are the prime factors of b?
2
Let a(g) = -55*g**3 + 8*g**2 - 14*g. Let n(i) = 18*i**3 - 3*i**2 + 5*i. Let j(o) = 4*a(o) + 11*n(o). List the prime factors of j(-1).
2, 11
Let w(n) = 8*n - 13. Let v be w(5). Suppose v = y + 2. List the prime factors of y.
5
Suppose 0 = b - o - 51, -3*o + 138 = 3*b - 27. List the prime factors of b.
53
Suppose 13*x - 4922 + 957 = 0. What are the prime factors of x?
5, 61
Suppose 8*i - 3*i = 45. What are the prime factors of i?
3
Suppose 5*f = 12 + 3. Suppose -4*m = -m + 5*t - 55, f*t = -3. What are the prime factors of m?
2, 5
List the prime factors of (-2 + (-6)/(-4))*-228.
2, 3, 19
Let l = 74 - -72. What are the prime factors of l?
2, 73
Let l = -17 + 29. Suppose -l = 5*g - 2*g, -2*i - 26 = 5*g. List the prime factors of i*(0 + (-21)/9).
7
Suppose 0*q = -3*q - 3*k + 9, q - 5*k = 9. Let d be (-2)/8 + 121/q. Suppose -r - d = -4*r. What are the prime factors of r?
2, 5
Let l(d) = -d + 1. Let i be l(1). Let z be 3 + 3 + i + 3. List the prime factors of (-9)/6*(-102)/z.
17
What are the prime factors of (24/9 + -2)*6?
2
Let m(i) = -i**2 - 5*i - 7. Let k be m(-6). Let t = 18 + k. Suppose 8 = -4*r + t*z, -6*r + 4*r = 2*z - 14. What are the prime factors of r?
3
Let q = -42 - -25. Let n = 29 + q. List the prime factors of n.
2, 3
Let u(r) = -r - 4. Let a be u(-6). Let l(s) = s**2 - s + 3. What are the prime factors of l(a)?
5
Suppose -4*v = -36 - 92. Suppose -5*r + r + v = 0. What are the prime factors of r?
2
Let f be -2*3*2/(-4). Let j(y) = -y**f + 4*y**2 + 2*y - 3*y**2 - 3*y - 1. What are the prime factors of j(-1)?
2
Let y be (-114)/(-27) - 4/18. Suppose y*s - s = 15. Suppose -s*d + 3*q + 12 = 5*q, -12 = -4*d - q. What are the prime factors of d?
2
Let r(q) = -6*q + 4. List the prime factors of r(-4).
2, 7
List the prime factors of (-1810)/(-6) + 11/33.
2, 151
Let s be ((-27)/(-18))/(1/(-2)). Let p = 0 - s. List the prime factors of p.
3
Let a(k) = 4*k**2 - 5*k + 1. Let j be a(4). Let d = j + -32. What are the prime factors of d?
13
Let s(g) = -g + 2. Let p be s(8). Let t(f) be the first derivative of -f**3/3 - 9*f**2/2 - 8*f + 3. List the prime factors of t(p).
2, 5
Let b(u) = 4*u**3 + u**2 - 1. Let l be b(1). Suppose -s + 2*d - 50 = -3*s, l*s - 106 = -d. What are the prime factors of s?
3
Let s = 7 - 3. Suppose 3*t -